of 18018?
2, 3, 7, 11, 13
List the prime factors of 1359.
3, 151
What are the prime factors of 60681?
3, 113, 179
What are the prime factors of 654?
2, 3, 109
What are the prime factors of 11190?
2, 3, 5, 373
What are the prime factors of 34885?
5, 6977
What are the prime factors of 24?
2, 3
What are the prime factors of 24420?
2, 3, 5, 11, 37
List the prime factors of 15851.
11, 131
What are the prime factors of 47271?
3, 7, 2251
List the prime factors of 217.
7, 31
What are the prime factors of 1874?
2, 937
List the prime factors of 10775.
5, 431
List the prime factors of 12883.
13, 991
List the prime factors of 301.
7, 43
List the prime factors of 860.
2, 5, 43
What are the prime factors of 76234?
2, 47, 811
What are the prime factors of 395?
5, 79
List the prime factors of 24601.
73, 337
List the prime factors of 120893.
53, 2281
List the prime factors of 1531.
1531
List the prime factors of 1929.
3, 643
List the prime factors of 8827.
7, 13, 97
What are the prime factors of 8511?
3, 2837
What are the prime factors of 25674?
2, 3, 11, 389
What are the prime factors of 5453?
7, 19, 41
List the prime factors of 395.
5, 79
List the prime factors of 11538.
2, 3, 641
List the prime factors of 2224.
2, 139
What are the prime factors of 31086?
2, 3, 11, 157
What are the prime factors of 4756?
2, 29, 41
What are the prime factors of 4409?
4409
What are the prime factors of 5612?
2, 23, 61
List the prime factors of 1674.
2, 3, 31
List the prime factors of 756.
2, 3, 7
List the prime factors of 17517.
3, 5839
List the prime factors of 1610.
2, 5, 7, 23
What are the prime factors of 5239?
13, 31
What are the prime factors of 24616?
2, 17, 181
List the prime factors of 1599.
3, 13, 41
What are the prime factors of 8104?
2, 1013
List the prime factors of 4429.
43, 103
What are the prime factors of 68532?
2, 3, 5711
List the prime factors of 75599.
17, 4447
List the prime factors of 2823.
3, 941
List the prime factors of 47784.
2, 3, 11, 181
What are the prime factors of 6551?
6551
List the prime factors of 344.
2, 43
What are the prime factors of 77096?
2, 23, 419
What are the prime factors of 442?
2, 13, 17
List the prime factors of 19624.
2, 11, 223
List the prime factors of 1955.
5, 17, 23
What are the prime factors of 980?
2, 5, 7
What are the prime factors of 3301?
3301
What are the prime factors of 3466?
2, 1733
List the prime factors of 501.
3, 167
What are the prime factors of 2591?
2591
List the prime factors of 132991.
17, 7823
List the prime factors of 1721.
1721
What are the prime factors of 19459?
11, 29, 61
List the prime factors of 17968.
2, 1123
List the prime factors of 24546.
2, 3, 4091
List the prime factors of 15143.
19, 797
List the prime factors of 1621.
1621
List the prime factors of 2046.
2, 3, 11, 31
List the prime factors of 31.
31
What are the prime factors of 7072?
2, 13, 17
List the prime factors of 957.
3, 11, 29
What are the prime factors of 46460?
2, 5, 23, 101
What are the prime factors of 19705?
5, 7, 563
What are the prime factors of 2406?
2, 3, 401
What are the prime factors of 33531?
3, 11177
List the prime factors of 5971.
7, 853
List the prime factors of 60493.
60493
What are the prime factors of 29343?
3, 9781
What are the prime factors of 5044?
2, 13, 97
What are the prime factors of 1275?
3, 5, 17
What are the prime factors of 71399?
71399
List the prime factors of 122718.
2, 3, 113, 181
List the prime factors of 2094.
2, 3, 349
List the prime factors of 9449.
11, 859
List the prime factors of 21095.
5, 4219
List the prime factors of 97448.
2, 13, 937
What are the prime factors of 10891?
10891
List the prime factors of 2999.
2999
List the prime factors of 873.
3, 97
List the prime factors of 672.
2, 3, 7
What are the prime factors of 137?
137
What are the prime factors of 1266?
2, 3, 211
List the prime factors of 23525.
5, 941
What are the prime factors of 283?
283
What are the prime factors of 3926?
2, 13, 151
List the prime factors of 12637.
12637
What are the prime factors of 33003?
3, 19, 193
List the prime factors of 47520.
2, 3, 5, 11
What are the prime factors of 4059?
3, 11, 41
What are the prime factors of 1260?
2, 3, 5, 7
List the prime factors of 6335.
5, 7, 181
What are the prime factors of 2610?
2, 3, 5, 29
List the prime factors of 2672.
2, 167
List the prime factors of 41495.
5, 43, 193
List the prime factors of 9192.
2, 3, 383
List the prime factors of 10524.
2, 3, 877
What are the prime factors of 11973?
3, 13, 307
List the prime factors of 890.
2, 5, 89
List the prime factors of 15320.
2, 5, 383
What are the prime factors of 2248?
2, 281
What are the prime factors of 3025?
5, 11
What are the prime factors of 221?
13, 17
List the prime factors of 62.
2, 31
What are the prime factors of 739?
739
What are the prime factors of 23284?
2, 5821
What are the prime factors of 10441?
53, 197
What are the prime factors of 8020?
2, 5, 401
What are the prime factors of 10740?
2, 3, 5, 179
What are the prime factors of 3048?
2, 3, 127
List the prime factors of 1391.
13, 107
What are the prime factors of 45574?
2, 22787
List the prime factors of 11391.
3, 3797
What are the prime factors of 84807?
3, 349
List the prime factors of 717.
3, 239
List the prime factors of 48255.
3, 5, 3217
What are the prime factors of 3046?
2, 1523
What are the prime factors of 2759?
31, 89
What are the prime factors of 58524?
2, 3, 4877
What are the prime factors of 244?
2, 61
List the prime factors of 79316.
2, 79, 251
List the prime factors of 17703.
3, 7, 281
List the prime factors of 2358.
2, 3, 131
List the prime factors of 902.
2, 11, 41
List the prime factors of 127416.
2, 3, 5309
List the prime factors of 4560.
2, 3, 5, 19
What are the prime factors of 71961?
3, 17, 83
What are the prime factors of 1322?
2, 661
List the prime factors of 5589.
3, 23
List the prime factors of 419.
419
List the prime factors of 4653.
3, 11, 47
List the prime factors of 59682.
2, 3, 7, 29
List the prime factors of 11856.
2, 3, 13, 19
What are the prime factors of 4137?
3, 7, 197
List the prime factors of 4117.
23, 179
List the prime factors of 4887.
3, 181
List the prime factors of 1115.
5, 223
List the prime factors of 98142.
2, 3, 11, 1487
List the prime factors of 567.
3, 7
List the prime factors of 1122.
2, 3, 11, 17
List the prime factors of 153.
3, 17
List the prime factors of 3512.
2, 439
List the prime factors of 1442.
2, 7, 103
What are the prime factors of 11098?
2, 31, 179
List the prime factors of 5819.
11, 23
List the prime factors of 8513.
8513
What are the prime factors of 1030?
2, 5, 103
What are the prime factors of 7126?
2, 7, 509
What are the prime factors of 199?
199
List the prime factors of 8620.
2, 5, 431
List the prime factors of 1864.
2, 233
List the prime factors of 5372.
2, 17, 79
List the prime factors of 298.
2, 149
List the prime factors of 1140.
2, 3, 5, 19
List the prime factors of 42347.
17, 47, 53
List the prime factors of 1545.
3, 5, 103
List the prime factors of 1274.
2, 7, 13
List the prime factors of 9480.
2, 3, 5, 79
List the prime factors of 13039.
13, 17, 59
What are the prime factors of 1081?
23, 47
What are the prime factors of 30385?
5, 59, 103
List the prime factors of 1115.
5, 223
What are the prime factors of 1610?
2, 5, 7, 23
List the prime factors of 33602.
2, 53, 317
What are the prime factors of 53671?
191, 281
List the prime factors of 2235.
3, 5, 149
What are the prime factors of 42999?
3, 11, 1303
What are the prime factors of 12777?
3, 4259
What are the prime factors of 82654?
2, 11, 13, 17
What are the prime factors of 5163?
3, 1721
List the prime factors of 60887.
60887
What are the prime factors of 656?
2, 41
What are the prime factors of 29798?
2, 47, 317
What are the prime factors of 24038?
2, 7, 17, 101
What are the prime factors of 793?
13, 61
List the prime factors of 107643.
3, 53, 677
What are the prime factors of 51038?
2, 13, 151
What are the prime factors of 1535?
5, 307
List the prime factors of 118.
2, 59
List the prime factors of 10016.
2, 313
What are the prime factors of 647?
647
List the prime factors of 1059.
3, 353
List the prime factors of 12629.
73, 173
What are the prime factors of 20094?
2, 3, 17, 197
List the prime factors of 18588.
2, 3, 1549
List the prim